{"id":967,"date":"2020-11-10T14:02:15","date_gmt":"2020-11-10T17:02:15","guid":{"rendered":"https:\/\/isfader-cba.infd.edu.ar\/sitio\/?page_id=967"},"modified":"2025-12-18T10:10:02","modified_gmt":"2025-12-18T13:10:02","slug":"pre-matriculacion-2026","status":"publish","type":"page","link":"https:\/\/isfader-cba.infd.edu.ar\/sitio\/pre-matriculacion-2026\/","title":{"rendered":"Pre Matriculaci\u00f3n 2026"},"content":{"rendered":"\n<div class=\"wp-block-group is-layout-constrained\"><div class=\"wp-block-group__inner-container\">\n<div class=\"wp-block-group is-layout-constrained\"><div class=\"wp-block-group__inner-container\">\n<ul>\n<li><span style=\"color: #339966;\"><strong>NIVEL SUPERIOR:\u00a0<\/strong><\/span><\/li>\n<\/ul>\n<p>(Profesorado de Artes Visuales, Tecnicatura en Dise\u00f1o de Espacios, Tecnicatura en Artes Visuales)<\/p>\n<p>Se deber\u00e1 realizar la pre matriculaci\u00f3n en Gesti\u00f3n de Estudiantes, con usuario de Ciudadano Digital, luego acercarse al establecimiento con la constancia impresa para cumplimentar el resto de la documentaci\u00f3n, de Lunes a Viernes de 8:00 a 12:00 y de 18:00 a 22:00hs<br \/>*Link Gesti\u00f3n de Estudiantes: <a href=\"https:\/\/gestionestudiantes.cba.gov.ar\/NoUsuario\/ConsultaSuperior.aspx\">Clic Aqu\u00ed<\/a>\u00a0<br \/>*Descargar <a href=\"https:\/\/isfader-cba.infd.edu.ar\/sitio\/wp-content\/uploads\/2021\/11\/Instructivo-Pre-Matricula.pdf\">Instructivo Pre Matricula<\/a><\/p>\n<p><strong>Una vez realizada la pre matricula, a partir de febrero de 2026, se debe traer la constancia impresa junto a: <\/strong><br aria-hidden=\"true\" \/><span lang=\"ES\">*Solicitud de inscripci\u00f3n completa <\/span><a href=\"https:\/\/isfader-cba.infd.edu.ar\/sitio\/wp-content\/uploads\/2022\/11\/Inscipcion-SUPERIOR-2021.pdf\"><span lang=\"ES\">(Descargar aqu\u00ed)<\/span><\/a><br \/><span lang=\"ES\">*Fotocopia de D.N.I (Frente y Dorso)<\/span><span lang=\"ES\">\u00a0<\/span><br \/><span lang=\"ES\">*Fotocopia partida de nacimiento. <\/span><span lang=\"ES\">\u00a0<\/span><br \/><span lang=\"ES\">*Fotocopia del T\u00edtulo Secundario o Constancia de T\u00edtulo en tr\u00e1mite.<\/span><span lang=\"ES\">\u00a0\u00a0\u00a0\u00a0\u00a0\u00a0\u00a0\u00a0<\/span><br \/><span lang=\"ES\">*Dos (2) fotos carnet 4&#215;4 color.<\/span><br \/><span lang=\"ES\">*Certificado \u00danico de Salud (C.U.S.). <a href=\"https:\/\/www.cba.gov.ar\/wp-content\/uploads\/2020\/02\/Certificado-%C3%BAnico-de-salud-CUS_2020.docx?csrt=12151810509705317118\">(Descargar aqu\u00ed)<\/a><\/span><br \/><span lang=\"ES\">*Certificado de antecedentes (Polic\u00eda de la Provincia). <\/span><br \/><span lang=\"ES\">*Certificado de NO estar inscripto en el Registro Provincial de Personas Condenadas por Delitos contra la Integridad Sexual.<\/span><span lang=\"ES\">\u00a0(Se tramita en el Ciudadano Digital, al lado del Banco C\u00f3rdoba).\u00a0 \u00a0 \u00a0<\/span><\/p>\n<hr \/>\n<ul>\n<li><strong><span style=\"color: #339966;\">NIVEL MEDIO<\/span><\/strong><\/li>\n<\/ul>\n<p>(Taller Infantil, Ciclo Art\u00edstico Vocacional, Taller de Adultos)<\/p>\n<p><span lang=\"ES\">*Solicitud de inscripci\u00f3n completa <\/span><a href=\"https:\/\/isfader-cba.infd.edu.ar\/sitio\/wp-content\/uploads\/2025\/08\/Solicitud-Inscripcion-2025-MEDIA.pdf\"><span lang=\"ES\">(Descargar aqu\u00ed)<\/span><\/a><br \/><span lang=\"ES\">*Fotocopia de D.N.I (Frente y Dorso)<\/span><span lang=\"ES\">\u00a0<\/span><br \/><span lang=\"ES\">*Fotocopia partida de nacimiento. <br \/>*Certificado \u00danico de Salud actualizado (C.U.S.). <a href=\"https:\/\/www.cba.gov.ar\/wp-content\/uploads\/2020\/02\/Certificado-%C3%BAnico-de-salud-CUS_2020.docx?csrt=12151810509705317118\">(Descargar aqu\u00ed)<\/a> (o traer fotocopia del presentado en la Escuela a la que asiste,)<br \/><\/span><span lang=\"ES\">*Constancia de Alumno regular del Establecimiento Educativo al que asiste <br \/>*Informe de Salud Anual (I.S.A.) <a href=\"https:\/\/isfader-cba.infd.edu.ar\/sitio\/wp-content\/uploads\/2025\/08\/ISA.pdf\">(Descargar aqu\u00ed)<\/a><\/span><\/p>\n<p>\u00a0<\/p>\n<p>Horario de recepci\u00f3n de documentaci\u00f3n: Lunes a Viernes de 8:00 a 12:00 y de 15:00 a 22:00hs &#8211; Av. F. Molina e Int. M. Barcia<\/p>\n<p>\u00a0<\/p>\n<\/div><\/div>\n<\/div><\/div>\n\n\n\n<p><\/p>\n\n\n\n\n\n\n\n\n","protected":false},"excerpt":{"rendered":"<p>NIVEL SUPERIOR:\u00a0 (Profesorado de Artes Visuales, Tecnicatura en Dise\u00f1o de Espacios, Tecnicatura en Artes Visuales) Se deber\u00e1 realizar la pre matriculaci\u00f3n en Gesti\u00f3n de Estudiantes, con usuario de Ciudadano Digital, luego acercarse al establecimiento con la constancia impresa para cumplimentar el resto de la documentaci\u00f3n, de Lunes a Viernes de 8:00 a 12:00 y de &#8230; <a title=\"Pre Matriculaci\u00f3n 2026\" class=\"read-more\" href=\"https:\/\/isfader-cba.infd.edu.ar\/sitio\/pre-matriculacion-2026\/\" aria-label=\"More on Pre Matriculaci\u00f3n 2026\">[+]<\/a><\/p>\n","protected":false},"author":88,"featured_media":0,"parent":0,"menu_order":0,"comment_status":"closed","ping_status":"closed","template":"","meta":[],"acf":[],"_links":{"self":[{"href":"https:\/\/isfader-cba.infd.edu.ar\/sitio\/wp-json\/wp\/v2\/pages\/967"}],"collection":[{"href":"https:\/\/isfader-cba.infd.edu.ar\/sitio\/wp-json\/wp\/v2\/pages"}],"about":[{"href":"https:\/\/isfader-cba.infd.edu.ar\/sitio\/wp-json\/wp\/v2\/types\/page"}],"author":[{"embeddable":true,"href":"https:\/\/isfader-cba.infd.edu.ar\/sitio\/wp-json\/wp\/v2\/users\/88"}],"replies":[{"embeddable":true,"href":"https:\/\/isfader-cba.infd.edu.ar\/sitio\/wp-json\/wp\/v2\/comments?post=967"}],"version-history":[{"count":30,"href":"https:\/\/isfader-cba.infd.edu.ar\/sitio\/wp-json\/wp\/v2\/pages\/967\/revisions"}],"predecessor-version":[{"id":1075,"href":"https:\/\/isfader-cba.infd.edu.ar\/sitio\/wp-json\/wp\/v2\/pages\/967\/revisions\/1075"}],"wp:attachment":[{"href":"https:\/\/isfader-cba.infd.edu.ar\/sitio\/wp-json\/wp\/v2\/media?parent=967"}],"curies":[{"name":"wp","href":"https:\/\/api.w.org\/{rel}","templated":true}]}}

Pre Matriculación 2026

<div class="wp-block-group is-layout-constrained"><div class="wp-block-group__inner-container">
<div class="wp-block-group is-layout-constrained"><div class="wp-block-group__inner-container">
<ul>
<li><span style="color: #339966;"><strong>NIVEL SUPERIOR: </strong></span></li>
</ul>
<p>(Profesorado de Artes Visuales, Tecnicatura en Diseño de Espacios, Tecnicatura en Artes Visuales)</p>
<p>Se deberá realizar la pre matriculación en Gestión de Estudiantes, con usuario de Ciudadano Digital, luego acercarse al establecimiento con la constancia impresa para cumplimentar el resto de la documentación, de Lunes a Viernes de 8:00 a 12:00 y de 18:00 a 22:00hs<br />*Link Gestión de Estudiantes: <a href="https://gestionestudiantes.cba.gov.ar/NoUsuario/ConsultaSuperior.aspx">Clic Aquí</a> <br />*Descargar <a href="https://isfader-cba.infd.edu.ar/sitio/wp-content/uploads/2021/11/Instructivo-Pre-Matricula.pdf">Instructivo Pre Matricula</a></p>
<p><strong>Una vez realizada la pre matricula, a partir de febrero de 2026, se debe traer la constancia impresa junto a: </strong><br aria-hidden="true" /><span lang="ES">*Solicitud de inscripción completa </span><a href="https://isfader-cba.infd.edu.ar/sitio/wp-content/uploads/2022/11/Inscipcion-SUPERIOR-2021.pdf"><span lang="ES">(Descargar aquí)</span></a><br /><span lang="ES">*Fotocopia de D.N.I (Frente y Dorso)</span><span lang="ES"> </span><br /><span lang="ES">*Fotocopia partida de nacimiento. </span><span lang="ES"> </span><br /><span lang="ES">*Fotocopia del Título Secundario o Constancia de Título en trámite.</span><span lang="ES">        </span><br /><span lang="ES">*Dos (2) fotos carnet 4&#215;4 color.</span><br /><span lang="ES">*Certificado Único de Salud (C.U.S.). <a href="https://www.cba.gov.ar/wp-content/uploads/2020/02/Certificado-%C3%BAnico-de-salud-CUS_2020.docx?csrt=12151810509705317118">(Descargar aquí)</a></span><br /><span lang="ES">*Certificado de antecedentes (Policía de la Provincia). </span><br /><span lang="ES">*Certificado de NO estar inscripto en el Registro Provincial de Personas Condenadas por Delitos contra la Integridad Sexual.</span><span lang="ES"> (Se tramita en el Ciudadano Digital, al lado del Banco Córdoba).     </span></p>
<hr />
<ul>
<li><strong><span style="color: #339966;">NIVEL MEDIO</span></strong></li>
</ul>
<p>(Taller Infantil, Ciclo Artístico Vocacional, Taller de Adultos)</p>
<p><span lang="ES">*Solicitud de inscripción completa </span><a href="https://isfader-cba.infd.edu.ar/sitio/wp-content/uploads/2025/08/Solicitud-Inscripcion-2025-MEDIA.pdf"><span lang="ES">(Descargar aquí)</span></a><br /><span lang="ES">*Fotocopia de D.N.I (Frente y Dorso)</span><span lang="ES"> </span><br /><span lang="ES">*Fotocopia partida de nacimiento. <br />*Certificado Único de Salud actualizado (C.U.S.). <a href="https://www.cba.gov.ar/wp-content/uploads/2020/02/Certificado-%C3%BAnico-de-salud-CUS_2020.docx?csrt=12151810509705317118">(Descargar aquí)</a> (o traer fotocopia del presentado en la Escuela a la que asiste,)<br /></span><span lang="ES">*Constancia de Alumno regular del Establecimiento Educativo al que asiste <br />*Informe de Salud Anual (I.S.A.) <a href="https://isfader-cba.infd.edu.ar/sitio/wp-content/uploads/2025/08/ISA.pdf">(Descargar aquí)</a></span></p>
<p> </p>
<p>Horario de recepción de documentación: Lunes a Viernes de 8:00 a 12:00 y de 15:00 a 22:00hs &#8211; Av. F. Molina e Int. M. Barcia</p>
<p> </p>
</div></div>
</div></div>



<p></p>

<p>NIVEL SUPERIOR:  (Profesorado de Artes Visuales, Tecnicatura en Diseño de Espacios, Tecnicatura en Artes Visuales) Se deberá realizar la pre matriculación en Gestión de Estudiantes, con usuario de Ciudadano Digital, luego acercarse al establecimiento con la constancia impresa para cumplimentar el resto de la documentación, de Lunes a Viernes de 8:00 a 12:00 y de &#8230; <a title="Pre Matriculación 2026" class="read-more" href="https://isfader-cba.infd.edu.ar/sitio/pre-matriculacion-2026/" aria-label="More on Pre Matriculación 2026">[+]</a></p>
