{"id":860,"date":"2018-07-03T12:44:18","date_gmt":"2018-07-03T15:44:18","guid":{"rendered":"https:\/\/isfader-cba.infd.edu.ar\/sitio\/talleres-y-cursos\/"},"modified":"2025-11-25T09:30:56","modified_gmt":"2025-11-25T12:30:56","slug":"talleres-y-cursos","status":"publish","type":"page","link":"https:\/\/isfader-cba.infd.edu.ar\/sitio\/talleres-y-cursos\/","title":{"rendered":"Talleres y Cursos"},"content":{"rendered":"<p><span style=\"color: #008000;\"><strong><span style=\"font-size: 10pt; font-family: arial, helvetica, sans-serif;\">TALLER INFANTO JUVENIL<\/span><\/strong><\/span><\/p>\n<p><span style=\"font-size: 10pt; font-family: arial, helvetica, sans-serif;\">Ni\u00f1os de 6 a 12 a\u00f1os<\/span><\/p>\n<p><span style=\"font-size: 10pt; font-family: arial, helvetica, sans-serif;\"><img decoding=\"async\" loading=\"lazy\" style=\"display: block; margin-left: auto; margin-right: auto;\" src=\"http:\/\/es.guiainfantil.com\/uploads\/pinturas-ninos.jpg\" width=\"478\" height=\"246\" border=\"0\" \/><\/span><\/p>\n<p><strong><span style=\"font-size: 10pt; font-family: arial, helvetica, sans-serif; color: #008000;\">TALLER ARTE Y JUEGO<\/span><\/strong><\/p>\n<p><span style=\"font-size: 10pt; font-family: arial, helvetica, sans-serif;\">Ni\u00f1os de 4 y 5 a\u00f1os<\/span><\/p>\n<p><span style=\"font-size: 10pt; font-family: arial, helvetica, sans-serif;\"><img decoding=\"async\" loading=\"lazy\" style=\"display: block; margin-left: auto; margin-right: auto;\" title=\"\" src=\"https:\/\/isfader-cba.infd.edu.ar\/sitio\/wp-content\/uploads\/2018\/07\/arte-nin_os-dibujando-totenart-material-bellas-artes-1024x682.jpg\" alt=\"\" width=\"488\" height=\"325\" border=\"0\" \/><\/span><\/p>\n<p><strong><span style=\"font-size: 10pt; font-family: arial, helvetica, sans-serif; color: #008000;\">CICLO ARTISTICO VOCACIONAL\u00a0&#8211; CER\u00c1MICA<br \/>\n<span style=\"font-size: 10pt; font-family: arial, helvetica, sans-serif; color: #008000;\">CICLO ARTISTICO VOCACIONAL &#8211; PINTURA MURAL<\/span><br \/>\n<\/span><\/strong><\/p>\n<p><span style=\"font-size: 10pt; font-family: arial, helvetica, sans-serif; color: #000000;\">Para Adolescentes<\/span><\/p>\n<p><span style=\"font-size: 10pt; font-family: arial, helvetica, sans-serif; color: #000000;\">\u00a0<img decoding=\"async\" loading=\"lazy\" style=\"display: block; margin-left: auto; margin-right: auto;\" title=\"\" src=\"https:\/\/isfader-cba.infd.edu.ar\/sitio\/wp-content\/uploads\/2018\/07\/6f4eadbdecb97228a5aec3ec95672a6b.jpg\" alt=\"\" width=\"496\" height=\"330\" border=\"0\" \/><\/span><\/p>\n<p><strong><span style=\"font-size: 10pt; font-family: arial, helvetica, sans-serif; color: #008000;\">TALLER DE CAPACITACI\u00d3N PL\u00c1STICA PARA ADULTOS EN DIBUJO Y PINTURA<\/span><\/strong><\/p>\n<p><span style=\"color: #000000;\"><span style=\"font-size: 10pt; font-family: arial, helvetica, sans-serif;\"><img decoding=\"async\" loading=\"lazy\" style=\"display: block; margin-left: auto; margin-right: auto;\" title=\"\" src=\"https:\/\/isfader-cba.infd.edu.ar\/sitio\/wp-content\/uploads\/2018\/07\/13764106526447-0-680x276.png\" alt=\"\" width=\"502\" height=\"204\" border=\"0\" \/><\/span><\/span><\/p>\n","protected":false},"excerpt":{"rendered":"<p>TALLER INFANTO JUVENIL Ni\u00f1os de 6 a 12 a\u00f1os TALLER ARTE Y JUEGO Ni\u00f1os de 4 y 5 a\u00f1os CICLO ARTISTICO VOCACIONAL\u00a0&#8211; CER\u00c1MICA CICLO ARTISTICO VOCACIONAL &#8211; PINTURA MURAL Para Adolescentes \u00a0 TALLER DE CAPACITACI\u00d3N PL\u00c1STICA PARA ADULTOS EN DIBUJO Y PINTURA<\/p>\n","protected":false},"author":88,"featured_media":0,"parent":0,"menu_order":0,"comment_status":"closed","ping_status":"closed","template":"","meta":[],"acf":[],"_links":{"self":[{"href":"https:\/\/isfader-cba.infd.edu.ar\/sitio\/wp-json\/wp\/v2\/pages\/860"}],"collection":[{"href":"https:\/\/isfader-cba.infd.edu.ar\/sitio\/wp-json\/wp\/v2\/pages"}],"about":[{"href":"https:\/\/isfader-cba.infd.edu.ar\/sitio\/wp-json\/wp\/v2\/types\/page"}],"author":[{"embeddable":true,"href":"https:\/\/isfader-cba.infd.edu.ar\/sitio\/wp-json\/wp\/v2\/users\/88"}],"replies":[{"embeddable":true,"href":"https:\/\/isfader-cba.infd.edu.ar\/sitio\/wp-json\/wp\/v2\/comments?post=860"}],"version-history":[{"count":1,"href":"https:\/\/isfader-cba.infd.edu.ar\/sitio\/wp-json\/wp\/v2\/pages\/860\/revisions"}],"predecessor-version":[{"id":1073,"href":"https:\/\/isfader-cba.infd.edu.ar\/sitio\/wp-json\/wp\/v2\/pages\/860\/revisions\/1073"}],"wp:attachment":[{"href":"https:\/\/isfader-cba.infd.edu.ar\/sitio\/wp-json\/wp\/v2\/media?parent=860"}],"curies":[{"name":"wp","href":"https:\/\/api.w.org\/{rel}","templated":true}]}}