{"id":848,"date":"2018-07-03T12:44:12","date_gmt":"2018-07-03T15:44:12","guid":{"rendered":"https:\/\/isfader-cba.infd.edu.ar\/sitio\/tecnicatura-superior-en-artes-visuales\/"},"modified":"2023-11-21T11:47:19","modified_gmt":"2023-11-21T14:47:19","slug":"tecnicatura-superior-en-artes-visuales","status":"publish","type":"page","link":"https:\/\/isfader-cba.infd.edu.ar\/sitio\/tecnicatura-superior-en-artes-visuales\/","title":{"rendered":"Tecnicatura Superior en Artes Visuales"},"content":{"rendered":"<p><span style=\"font-family: arial, helvetica, sans-serif; font-size: 10pt;\"><span style=\"color: #008000;\"><strong>TECNICATURA SUPERIOR EN ARTES VISUALES<\/strong><br \/>\n<\/span>Duraci\u00f2n: 3 a\u00f1os<\/span><\/p>\n<p>La Tecnicatura Superior en Artes Visuales est\u00e1 pensada en los nuevos escenarios\u00a0 culturales y en la inserci\u00f3n a un mercado laboral que exige nuevas competencias.<\/p>\n<p>En esta propuesta se valoriza la formaci\u00f3n vinculada con el mundo del trabajo, la inserci\u00f3n en el medio local y regional, la organizaci\u00f3n de las trayectorias formativas en el \u00e1mbito de la Educaci\u00f3n T\u00e9cnica Profesional de nivel superior y de acreditaciones parciales que habiliten una r\u00e1pida inserci\u00f3n laboral de calidad.<\/p>\n<p>Se consideran en esta actualizaci\u00f3n, las nuevas tecnolog\u00edas que impactan en el mundo contempor\u00e1neo y especialmente en las expresiones art\u00edsticas en las que los sujetos de educaci\u00f3n de hoy encuentran herramientas y potencialidades novedosas en su campo de desempe\u00f1o.<br \/>\nLa nueva Tecnicatura conjuga artes, trabajo y tecnolog\u00eda. Es una revoluci\u00f3n y potencia de creaci\u00f3n para que insertarse en el mercado sea una experiencia m\u00e1s natural.<\/p>\n<p><img decoding=\"async\" loading=\"lazy\" class=\"alignnone size-full wp-image-1033\" src=\"https:\/\/isfader-cba.infd.edu.ar\/sitio\/wp-content\/uploads\/2023\/11\/TAV-1er-ano.png\" alt=\"\" width=\"604\" height=\"684\" \/> <img decoding=\"async\" loading=\"lazy\" class=\"alignnone size-medium wp-image-1034\" src=\"https:\/\/isfader-cba.infd.edu.ar\/sitio\/wp-content\/uploads\/2023\/11\/TAV-2do-ano.png\" alt=\"\" width=\"585\" height=\"591\" \/> <img decoding=\"async\" loading=\"lazy\" class=\"alignnone size-medium wp-image-1035\" src=\"https:\/\/isfader-cba.infd.edu.ar\/sitio\/wp-content\/uploads\/2023\/11\/TAV-3er-ano.png\" alt=\"\" width=\"584\" height=\"605\" \/><\/p>\n<p><strong>PERFIL PROFESIONAL<\/strong><br \/>\nEl T\u00e9cnico Superior en Artes Visuales est\u00e1 capacitado para:<br \/>\n* Producir, ejecutar y dirigir proyectos art\u00edsticos vinculados a las artes visuales y a la cultura,<br \/>\nen forma independiente y\/o en equipos interdisciplinarios, capaz de resolver diferentes<br \/>\nsituaciones emanadas del \u00e1mbito privado, p\u00fablico y\/o del entorno socio cultural.<br \/>\n* Desarrollar su trabajo de manera creativa, manejando criterios y herramientas espec\u00edficas de<br \/>\nlas artes visuales, adecuando tecnolog\u00edas, con una actitud emprendedora e innovadora.<br \/>\n* Actuar comprometidamente con el medio y el contexto real pensando en la sustentabilidad<br \/>\ncomo punto de partida.<br \/>\n* Conjugar procedimientos de las artes pl\u00e1stico-visuales con las nuevas tecnolog\u00edas digitales,<br \/>\nconforme a criterios profesionales propios del \u00e1rea art\u00edstico-cultural.<br \/>\n* Acompa\u00f1ar y\/o realizar la gesti\u00f3n de la obra art\u00edstica en las artes visuales considerando la<br \/>\nproblem\u00e1tica de la inserci\u00f3n de \u00e9sta en el medio, promoviendo su circulaci\u00f3n.<br \/>\n* Apostar a la investigaci\u00f3n permanente y la capacitaci\u00f3n continua en v\u00ednculo con sus<br \/>\nintereses art\u00edsticos profesionales.<br \/>\n* Crear contenido digital audiovisual para m\u00faltiples escenarios y p\u00fablicos.<br \/>\n* Potenciar la identidad cultural local y regional, a trav\u00e9s de sus proyectos y actuaciones<br \/>\nprofesionales.<br \/>\n* Garantizar el cumplimiento de la normativa que respalda al accionar de las artes visuales.<\/p>\n<p><strong>FUNCIONES QUE EJERCE EL PROFESIONAL<\/strong><br \/>\nEl T\u00e9cnico superior est\u00e1 capacitado para aplicar y desarrollar conocimientos, habilidades,<br \/>\ndestrezas, valores y actitudes en situaciones reales de trabajo, conforme a criterios de<br \/>\nprofesionalidad propios de su \u00e1rea.<br \/>\nEn este sentido, el t\u00e9cnico superior en Artes Visuales est\u00e1 capacitado para:<br \/>\n* Dise\u00f1ar, producir y gestionar obras art\u00edsticas visuales.<br \/>\n* Integrar equipos interdisciplinarios de trabajo, de dise\u00f1o y montaje en diversos formatos y<br \/>\nentornos.<br \/>\n* Comisionar proyectos y obras art\u00edstico-visuales<br \/>\n* Dar respuestas tecnol\u00f3gicas a los nuevos escenarios culturales y mejorar las propuestas<br \/>\nexistentes.<br \/>\n* Participar en \u00e1mbitos de producci\u00f3n, realizaci\u00f3n, circulaci\u00f3n y\/o gesti\u00f3n de las Artes,<br \/>\ny en corredores culturales y productivos de car\u00e1cter regional.<br \/>\n* Producir contenido simb\u00f3lico comunicable.<br \/>\n* Utilizar nuevas tecnolog\u00edas en producciones art\u00edsticas.<br \/>\n* Proveer de acceso integral a las manifestaciones art\u00edsticas visuales a su cargo.<br \/>\n* Ser jurado de salones y concursos de artes visuales.<br \/>\n* Asistir en la conservaci\u00f3n y difusi\u00f3n del patrimonio art\u00edstico cultural.<br \/>\n* Promover nuevos circuitos de consumo y circulaci\u00f3n del arte.<\/p>\n<p><strong>\u00c1REA OCUPACIONAL<\/strong><br \/>\nEl T\u00e9cnico Superior en Artes Visuales podr\u00e1 acceder a puestos laborales en organizaciones<br \/>\nprivadas o p\u00fablicas, y en diferentes empresas: centros de digitalizaci\u00f3n de la imagen e<br \/>\nimpresi\u00f3n digital, centros culturales, museos y galer\u00edas de arte, entre otros. Tambi\u00e9n podr\u00e1<br \/>\nocupar puestos en las diferentes \u00e1reas de dichas empresas: gerencial, administrativa,<br \/>\nfinanciera, comercializaci\u00f3n, planeaci\u00f3n, producci\u00f3n. Entre sus principales \u00e1reas de desarrollo<br \/>\nprofesional, se encuentran:<br \/>\n* Empresas relacionadas con el servicio cultural y turismo local.<br \/>\n* Empresas de gesti\u00f3n de eventos art\u00edsticos y desarrollo creativo.<br \/>\n* Instituciones sin fines de lucro, como centros culturales, museos, secretar\u00edas de cultura,<br \/>\ngaler\u00edas de arte, salones, etc.<br \/>\n* Instituciones \/ organizaciones p\u00fablicas y privadas cuyo accionar se refiere al desarrollo, y<br \/>\npromoci\u00f3n de la actividad cultural vinculada a las artes visuales.<br \/>\n* Generar y dirigir su propio emprendimiento.<\/p>\n<p style=\"text-align: justify;\"><span style=\"font-family: arial, helvetica, sans-serif; font-size: 10pt;\">\u00a0<\/span><\/p>\n","protected":false},"excerpt":{"rendered":"<p>TECNICATURA SUPERIOR EN ARTES VISUALES Duraci\u00f2n: 3 a\u00f1os La Tecnicatura Superior en Artes Visuales est\u00e1 pensada en los nuevos escenarios\u00a0 culturales y en la inserci\u00f3n a un mercado laboral que exige nuevas competencias. En esta propuesta se valoriza la formaci\u00f3n vinculada con el mundo del trabajo, la inserci\u00f3n en el medio local y regional, la &#8230; <a title=\"Tecnicatura Superior en Artes Visuales\" class=\"read-more\" href=\"https:\/\/isfader-cba.infd.edu.ar\/sitio\/tecnicatura-superior-en-artes-visuales\/\" aria-label=\"More on Tecnicatura Superior en Artes Visuales\">[+]<\/a><\/p>\n","protected":false},"author":88,"featured_media":0,"parent":0,"menu_order":0,"comment_status":"closed","ping_status":"closed","template":"","meta":[],"acf":[],"_links":{"self":[{"href":"https:\/\/isfader-cba.infd.edu.ar\/sitio\/wp-json\/wp\/v2\/pages\/848"}],"collection":[{"href":"https:\/\/isfader-cba.infd.edu.ar\/sitio\/wp-json\/wp\/v2\/pages"}],"about":[{"href":"https:\/\/isfader-cba.infd.edu.ar\/sitio\/wp-json\/wp\/v2\/types\/page"}],"author":[{"embeddable":true,"href":"https:\/\/isfader-cba.infd.edu.ar\/sitio\/wp-json\/wp\/v2\/users\/88"}],"replies":[{"embeddable":true,"href":"https:\/\/isfader-cba.infd.edu.ar\/sitio\/wp-json\/wp\/v2\/comments?post=848"}],"version-history":[{"count":3,"href":"https:\/\/isfader-cba.infd.edu.ar\/sitio\/wp-json\/wp\/v2\/pages\/848\/revisions"}],"predecessor-version":[{"id":1039,"href":"https:\/\/isfader-cba.infd.edu.ar\/sitio\/wp-json\/wp\/v2\/pages\/848\/revisions\/1039"}],"wp:attachment":[{"href":"https:\/\/isfader-cba.infd.edu.ar\/sitio\/wp-json\/wp\/v2\/media?parent=848"}],"curies":[{"name":"wp","href":"https:\/\/api.w.org\/{rel}","templated":true}]}}